 is the thousands digit of 3332?
3
What is the hundred thousands digit of 134243?
1
What is the units digit of 78010?
0
What is the hundreds digit of 1237?
2
What is the thousands digit of 2653?
2
What is the tens digit of 101097?
9
What is the units digit of 2260?
0
What is the thousands digit of 4201?
4
What is the units digit of 3123?
3
What is the units digit of 17177?
7
What is the units digit of 16748?
8
What is the units digit of 10249?
9
What is the ten thousands digit of 39483?
3
What is the units digit of 849?
9
What is the units digit of 968?
8
What is the units digit of 12358?
8
What is the units digit of 53216?
6
What is the tens digit of 6953?
5
What is the hundreds digit of 35137?
1
What is the hundreds digit of 2448?
4
What is the ten thousands digit of 49262?
4
What is the hundreds digit of 8196?
1
What is the tens digit of 25237?
3
What is the tens digit of 502?
0
What is the ten thousands digit of 39854?
3
What is the units digit of 125942?
2
What is the units digit of 32874?
4
What is the tens digit of 1306?
0
What is the thousands digit of 1727?
1
What is the thousands digit of 46157?
6
What is the units digit of 9030?
0
What is the units digit of 527?
7
What is the tens digit of 4481?
8
What is the units digit of 803?
3
What is the ten thousands digit of 11596?
1
What is the hundreds digit of 2213?
2
What is the units digit of 37238?
8
What is the hundreds digit of 5009?
0
What is the thousands digit of 2046?
2
What is the tens digit of 944?
4
What is the hundreds digit of 30193?
1
What is the units digit of 989?
9
What is the thousands digit of 1255?
1
What is the thousands digit of 1276?
1
What is the units digit of 63980?
0
What is the hundreds digit of 6667?
6
What is the hundreds digit of 5028?
0
What is the units digit of 2594?
4
What is the ten thousands digit of 57512?
5
What is the tens digit of 33049?
4
What is the units digit of 53767?
7
What is the units digit of 1404?
4
What is the thousands digit of 3730?
3
What is the ten thousands digit of 14793?
1
What is the ten thousands digit of 12719?
1
What is the hundreds digit of 513?
5
What is the units digit of 3091?
1
What is the units digit of 5050?
0
What is the tens digit of 366?
6
What is the tens digit of 10338?
3
What is the tens digit of 13623?
2
What is the units digit of 11080?
0
What is the hundreds digit of 3625?
6
What is the units digit of 253?
3
What is the tens digit of 251?
5
What is the units digit of 14156?
6
What is the units digit of 3158?
8
What is the tens digit of 6581?
8
What is the hundreds digit of 2720?
7
What is the hundreds digit of 53429?
4
What is the thousands digit of 11044?
1
What is the tens digit of 3709?
0
What is the hundreds digit of 1352?
3
What is the units digit of 6749?
9
What is the units digit of 122?
2
What is the units digit of 634?
4
What is the thousands digit of 19154?
9
What is the thousands digit of 13243?
3
What is the units digit of 484?
4
What is the thousands digit of 1092?
1
What is the units digit of 7650?
0
What is the thousands digit of 21416?
1
What is the ten thousands digit of 14675?
1
What is the hundreds digit of 4494?
4
What is the tens digit of 5214?
1
What is the thousands digit of 17392?
7
What is the units digit of 585?
5
What is the units digit of 18673?
3
What is the ten thousands digit of 23571?
2
What is the ten thousands digit of 83141?
8
What is the hundreds digit of 593?
5
What is the units digit of 5979?
9
What is the tens digit of 255?
5
What is the ten thousands digit of 51756?
5
What is the thousands digit of 17240?
7
What is the hundreds digit of 9466?
4
What is the tens digit of 114602?
0
What is the hundreds digit of 9610?
6
What is the tens digit of 3016?
1
What is the thousands digit of 78433?
8
What is the ten thousands digit of 28792?
2
What is the hundreds digit of 1449?
4
What is the hundreds digit of 1147?
1
What is the thousands digit of 4304?
4
What is the units digit of 1462?
2
What is the tens digit of 8711?
1
What is the tens digit of 2041?
4
What is the hundreds digit of 218?
2
What is the ten thousands digit of 19981?
1
What is the units digit of 728?
8
What is the thousands digit of 1647?
1
What is the thousands digit of 10298?
0
What is the units digit of 636?
6
What is the ten thousands digit of 127880?
2
What is the ten thousands digit of 22620?
2
What is the thousands digit of 33670?
3
What is the hundreds digit of 6263?
2
What is the ten thousands digit of 35936?
3
What is the units digit of 924?
4
What is the tens digit of 438?
3
What is the units digit of 2727?
7
What is the tens digit of 1430?
3
What is the tens digit of 20194?
9
What is the units digit of 9153?
3
What is the tens digit of 672?
7
What is the units digit of 7901?
1
What is the ten thousands digit of 123246?
2
What is the ten thousands digit of 53791?
5
What is the ten thousands digit of 141492?
4
What is the hundreds digit of 28694?
6
What is the units digit of 222?
2
What is the ten thousands digit of 16689?
1
What is the thousands digit of 1422?
1
What is the hundreds digit of 1261?
2
What is the tens digit of 7647?
4
What is the hundreds digit of 105481?
4
What is the hundreds digit of 500?
5
What is the tens digit of 4563?
6
What is the hundreds digit of 365?
3
What is the units digit of 5982?
2
What is the ten thousands digit of 59794?
5
What is the hundreds digit of 4068?
0
What is the tens digit of 38?
3
What is the tens digit of 20102?
0
What is the tens digit of 10979?
7
What is the hundreds digit of 85266?
2
What is the thousands digit of 65093?
5
What is the tens digit of 1758?
5
What is the thousands digit of 2990?
2
What is the thousands digit of 2547?
2
What is the units digit of 27132?
2
What is the hundreds digit of 69800?
8
What is the thousands digit of 66567?
6
What is the thousands digit of 1640?
1
What is the thousands digit of 21597?
1
What is the tens digit of 3289?
8
What is the thousands digit of 31868?
1
What is the ten thousands digit of 53021?
5
What is the tens digit of 115971?
7
What is the tens digit of 2788?
8
What is the tens digit of 2699?
9
What is the hundreds digit of 18048?
0
What is the units digit of 36451?
1
What is the hundreds digit of 17564?
5
What is the tens digit of 57?
5
What is the units digit of 337?
7
What is the units digit of 149?
9
What is the hundreds digit of 4011?
0
What is the tens digit of 2838?
3
What is the hundreds digit of 113813?
8
What is the units digit of 115?
5
What is the tens digit of 1097?
9
What is the hundreds digit of 1067?
0
What is the tens digit of 1585?
8
What is the units digit of 7002?
2
What is the thousands digit of 12254?
2
What is the ten thousands digit of 12264?
1
What is the units digit of 62714?
4
What is the hundred thousands digit of 100095?
1
What is the tens digit of 6449?
4
What is the tens digit of 23024?
2
What is the thousands digit of 2009?
2
What is the thousands digit of 5780?
5
What is the units digit of 2474?
4
What is the units digit of 21995?
5
What is the ten thousands digit of 46627?
4
What is the units digit of 5298?
8
What is the thousands digit of 1541?
1
What is the units digit of 4448?
8
What is the units digit of 3493?
3
What is the tens digit of 423?
2
What is the thousands digit of 1471?
1
What is the units digit of 1848?
8
What is the hundreds digit of 1477?
4
What is the tens digit of 3023?
2
What is the units digit of 858?
8
What is the hundreds digit of 2009?
0
What is the hundreds digit of 24442?
4
What is the thousands digit of 13738?
3
What is the hundreds digit of 2493?
4
What is the thousands digit of 1090?
1
What is the units digit of 857?
7
What is the ten thousands digit of 19787?
1
What is the tens digit of 7512?
1
What is the hundreds digit of 64386?
3
What is the thousands digit of 5706?
5
What is the tens digit of 71708?
0
What is the tens digit of 3199?
9
What is the units digit of 789?
9
What is the hundreds digit of 279?
2
What is the thousands digit of 6599?
6
What is the hundreds digit of 5347?
3
What is the ten thousands digit of 37688?
3
What is the hundreds digit of 47435?
4
What is the tens digit of 10231?
3
What is the tens digit of 1113?
1
What is the thousands digit of 4604?
4
What is the tens digit of 2871?
7
What is the tens digit of 158814?
1
Wh